 prime factors of y.
3, 5
What are the prime factors of 58*(-3 - (1 + (-3 - 3)))?
2, 29
Suppose 2*u = -5*b + 1256, 2*u + 184 = b - 72. What are the prime factors of b?
2, 3, 7
Suppose -4*y = -5*t + 414, 5*y + 17 - 12 = 0. List the prime factors of t.
2, 41
Let b = 23 + -55. Let l = -22 - b. What are the prime factors of (12/l)/((-4)/(-30))?
3
Suppose -3*i + 67 = 5*v, -3*i + 0*v = v - 47. Let m = 32 + i. What are the prime factors of m?
2, 23
Suppose 3*s - 126 = -3*d, d - 25 = -4*s + 20. List the prime factors of d.
41
Suppose 2*z + i - 3 = 8, 4*z - 5*i = 29. Suppose 45 = -x + z*x. What are the prime factors of x?
3
Let t(y) = -2*y - 7. Let s(k) = k**3 - 5*k**2 + k - 11. Let m be s(5). List the prime factors of t(m).
5
Suppose o - 4*u = -3*u + 264, 0 = -5*o - 2*u + 1355. What are the prime factors of o?
269
Suppose -4*i + 3*r + 7 = 2*r, -2*i = -4*r + 14. Suppose 44 = -i*v - 76. List the prime factors of (v/(-12))/(1/3).
2, 5
Let x be 10/(-45) + (-58)/(-18). Suppose -x*g + 3 + 6 = 0. Suppose 3*o + 36 = 5*i, o = g*i - 0*o - 20. What are the prime factors of i?
2, 3
Suppose m - 5*f - 29 = 0, -m + 3 + 22 = -4*f. What are the prime factors of m?
3
Let v(l) = -l - 8. Let x be v(-5). Let z = x - -1. Let y(q) = -3*q - 2. What are the prime factors of y(z)?
2
Let c(a) = a**2 + 2*a - 13. Let j be c(7). Suppose -27 = 3*p - 4*p. Let l = j - p. List the prime factors of l.
23
Suppose -5*j + 112 + 93 = 0. List the prime factors of j.
41
Let x = -1 - -5. Suppose -11 = -i + 4*f + x, 18 = 4*i + 5*f. List the prime factors of i.
7
Let f = 5 - 8. Let j = -5 - f. What are the prime factors of ((-16)/(-6))/j*-9?
2, 3
Suppose -23 = -2*s + 23. What are the prime factors of s?
23
Let y(m) = -73*m - 2. Let i be y(-2). Suppose -3*z = -3*x - 84, -5*z = -0*z - x - i. What are the prime factors of z?
29
Suppose 4*i - 16 = -4*s + 5*i, 5*i = -20. Suppose -s*x + 7 = -5*r + 30, x - 4 = 0. Let o(z) = z**3 - 6*z**2 - 3*z - 10. List the prime factors of o(r).
2, 3
Let r be (-1)/(-2) - (-306)/(-12). Let d = r - -41. List the prime factors of d.
2
Let d(c) = 12*c - 29. Let k(g) = 4*g - 10. Let r(p) = 3*d(p) - 8*k(p). What are the prime factors of r(10)?
3, 11
Let w(x) = 3*x + 4. Let t be w(3). Let k = -1 - -4. List the prime factors of (-4)/12 + t/k.
2
Let o(r) be the second derivative of r**6/240 - r**5/20 + r**4/4 + 3*r. Let d(s) be the third derivative of o(s). List the prime factors of d(7).
3, 5
What are the prime factors of (-3 - (-11 + 5))*28?
2, 3, 7
Let r(g) = -3 - 3*g + 4*g + 13*g**2 + 2. Suppose h + 3 = 4*h. What are the prime factors of r(h)?
13
Let w(f) = -f**3 + 16*f**2 + 21*f + 17. What are the prime factors of w(17)?
5, 17
Let x(y) = -9*y + 12. What are the prime factors of x(-7)?
3, 5
Suppose -3*b + 133 = 4*q, 5*b + 0*q = -q + 216. Let g = -30 + b. What are the prime factors of g?
13
Let g(w) = w**2 + 6*w - 8. Let p be g(-6). Let o = 8 - p. List the prime factors of o.
2
Suppose -3*v - 3*y = 2*y - 9, 3*v + 2*y - 9 = 0. Suppose v*i = -2*i + 30. What are the prime factors of i?
2, 3
Let v be 10/6*3*1. Let y(l) be the first derivative of -l**3/3 + 4*l**2 - 4*l + 3. What are the prime factors of y(v)?
11
Suppose 4*y - 71 - 41 = 0. What are the prime factors of y?
2, 7
Let g(r) = 3*r**2 - 1. Let s = -2 - -1. Let w be g(s). Suppose 3*l + 4 = 2*c + 3, -4*c = w*l - 26. List the prime factors of c.
5
Let z(x) = x**2 + 3*x + 3. Let y be z(-3). Suppose -k = -y - 10. What are the prime factors of k?
13
Suppose -a + 3 - 1 = 0. Suppose k = -3*l + 51, 5*l - a*l = 3*k - 117. What are the prime factors of k?
2, 3, 7
Suppose -4*g - 32 - 88 = 0. Let z = g - -55. List the prime factors of z.
5
Let l(w) = 43*w. What are the prime factors of l(1)?
43
Suppose 0 = -2*n - 3 + 5, 0 = -5*u + 4*n + 151. What are the prime factors of u?
31
Let s = 115 + 232. List the prime factors of s.
347
Let q be ((-168)/(-10))/((-9)/(-30)). Let t = q + -40. What are the prime factors of t?
2
Suppose -7*h = -4*h - 135. List the prime factors of h.
3, 5
Let r = 107 + 32. What are the prime factors of r?
139
Let z(b) = 3*b**2 + b. Let m(u) = 7 - 2*u**2 + u**3 + 8*u**2 - 2 - 6*u. Let c be m(-7). List the prime factors of z(c).
2, 5
Suppose 0 = -3*s + 8 + 1. Let l be (s/4)/((-1)/(-4)). Suppose 4*a - u = 13, l*a + 4*u - 28 = -4. What are the prime factors of a?
2
Suppose -3*s = q - 6 + 1, 0 = -5*s + 4*q + 31. Suppose -g = 5*j + 3, 5*j + 9 = 4*j - s*g. Suppose -5*o = -j*o - 35. What are the prime factors of o?
7
Let v(o) = -o**2 + 0*o**2 + o**3 + 2 - 8*o**2 + 2*o**2. List the prime factors of v(7).
2
List the prime factors of 8 + 15/(-3) + 357.
2, 3, 5
Let n(p) = p**2 - 6*p + 2. Let s be n(6). What are the prime factors of 26 + 0/(6/s)?
2, 13
Let m = -52 + 78. List the prime factors of m.
2, 13
Let m = -15 - -24. Let f(q) = q**2 - 7*q + 5. What are the prime factors of f(m)?
23
Suppose 0*x + 5*x = 4*b + 23, -4*x + b = -14. Let z = -2 - -6. Suppose 55 = x*m - s - z*s, 4*m - 5*s - 70 = 0. List the prime factors of m.
3, 5
Let g(h) = -13*h**2 + 1. Let x be g(1). Let s = -41 - x. Let k = -19 - s. List the prime factors of k.
2, 5
Let x be 3/21 - (-125)/7. What are the prime factors of (-1 + 1 - 2) + x?
2
Let c = 88 - -10. List the prime factors of c.
2, 7
Suppose -3*b + 33 + 69 = 0. List the prime factors of b.
2, 17
Let g be 8/6 - (-4)/6. Suppose -2*j = g*k - 0*j - 40, -2*k = -5*j - 26. What are the prime factors of k?
2, 3
Let a = 87 + -8. Suppose 5*l + 19 - a = 0. What are the prime factors of l?
2, 3
Let p = 43 - 18. List the prime factors of p.
5
Suppose 0 = 4*c - f - 9, 3*c + 2*f - f - 5 = 0. Suppose -c*k = 4*o - 0*k - 28, -3*k = -3*o + 12. What are the prime factors of o?
2, 3
Suppose 2*k + 21 = 3*u - 21, 0 = -5*k - 2*u - 105. Let y be 1*(-2 - -1) - k. Suppose 0*c - y = -2*c. List the prime factors of c.
2, 5
Let p be (-76)/6*(-45)/10. Suppose 0*g + p = 3*g. What are the prime factors of g?
19
Let l be 4 + 1/((-3)/6). Suppose 3*r - 7 = l*r. What are the prime factors of r?
7
Suppose 125 = 5*h + 15. Let j = 7 + h. List the prime factors of j.
29
Suppose -2*h = -0*h - 24. Suppose 30 = 3*s - 2*i, h = 2*s - 8*i + 4*i. List the prime factors of s.
2, 3
Let p(v) = -2*v + 1. Let o be p(8). Let q = -5 - o. What are the prime factors of q?
2, 5
Suppose h - 5 - 1 = 0. Let j(o) = -o**2 + 10*o - 8. Let q be j(h). Suppose 5*w - m - 64 = -2*m, q = 4*m. What are the prime factors of w?
2, 3
Suppose -k - 4*k = -10. Let f be -11 + 2 + (-4)/k. Let v = 20 + f. List the prime factors of v.
3
Suppose 5*b - 4*u = 833, 7*b + 827 = 12*b - u. What are the prime factors of b?
3, 5, 11
Let t = -81 - -84. What are the prime factors of t?
3
Suppose 5*o - 240 = -o. What are the prime factors of o?
2, 5
Let z = 3 - 1. Let b be (-36)/(-14) + 9/21. Suppose z*x + 16 = b*x. List the prime factors of x.
2
Let b(c) = -11*c - 9. Let x be -1*(5 - 2)/(-1). Let l(m) = 6*m + 5. Let y(n) = x*b(n) + 5*l(n). What are the prime factors of y(-2)?
2
Let u = 13 + -14. List the prime factors of ((-100)/60)/(u/9).
3, 5
Let r(k) = k**3 + 7*k**2 - 2*k + 12. Let d be r(-6). Let c be 1/2*(-1 + 1). Suppose c*t - d = -5*t. List the prime factors of t.
2, 3
Suppose 0*g - 368 = -4*g. List the prime factors of g.
2, 23
Suppose z + 156 = 5*z. List the prime factors of z.
3, 13
Suppose -4*w + 6*w - 4*t = 12, 42 = 5*w - 4*t. Let l(k) = 6*k + 7 - 3*k - 2*k. What are the prime factors of l(w)?
17
Let v = 419 - 239. Suppose -8*q - v = -12*q. What are the prime factors of q?
3, 5
Suppose -n + 358 = 2*q, -q - 4*n + 346 = q. What are the prime factors of q?
181
Let p(l) = -l**3 - 7*l**2 - 5*l + 6. Let u be p(-5). Let i = -6 - u. What are the prime factors of i?
13
Suppose -2*p = 2*p + 4. Let t(a) = a**2 + 1. Let v(z) = 4*z**2 + 7*z - 3. Let y(x) = p*v(x) + 3*t(x). List the prime factors of y(-6).
2, 3
Suppose -4*h + 8 = 0, -2*x + 4*x = 3*h - 12. Let b = 7 + x. Suppose -4*u - 8 = -b*q - 7*u, -u = -3*q + 19. List the prime factors of q.
5
Let a(o) = -11*o**2 + 9*o + 1. Let n = 11 - 7. Let z(i) = -5*i**2 + 4*i. Let g(q) = n*a(q) - 9*z(q). What are the prime factors of g(-3)?
13
Let k = 0 - -2. Suppose 4*f = -2*d + 4*d + 88, f - k*d - 19 = 0. List the prime factors of f.
23
Suppose 118 - 13 = 5*b - 5*m, 0 = -2*b + 3*m + 41. What are the prime factors of b?
2, 11
Let k be 44/(-